{"id":6415,"date":"2026-03-28T07:29:16","date_gmt":"2026-03-28T07:29:16","guid":{"rendered":"https:\/\/www.ziolowasowa.pl\/?page_id=6415"},"modified":"2026-04-25T09:32:26","modified_gmt":"2026-04-25T09:32:26","slug":"wsparcie-organizmu","status":"publish","type":"page","link":"https:\/\/www.ziolowasowa.pl\/index.php\/wsparcie-organizmu\/","title":{"rendered":"Wsparcie organizmu"},"content":{"rendered":"<div style=\"max-width:820px;\">\n<p style=\"margin:0 0 20px 0; line-height:1.75; color:#5f584e;\">\n    Wsparcie organizmu ma kilka poziom\u00f3w. Podstaw\u0105 tej mapy jest \u017cywno\u015b\u0107 funkcjonalna oparta na trzech g\u0142\u00f3wnych kierunkach: od\u017cywianiu, oczyszczaniu i balansowaniu organizmu. Dalej pojawia si\u0119 wsparcie bardziej kierunkowe, uzupe\u0142niaj\u0105ce i miejscowe.\n  <\/p>\n<h2 style=\"margin:34px 0 12px 0; color:#4f483f;\">O czym jest ten dzia\u0142<\/h2>\n<p style=\"margin:0 0 20px 0; line-height:1.75; color:#5f584e;\">\n    To strona wej\u015bciowa do g\u0142\u00f3wnych typ\u00f3w wsparcia. Porz\u0105dkuje je wed\u0142ug poziom\u00f3w i pomaga zobaczy\u0107, od czego najlepiej zacz\u0105\u0107.\n  <\/p>\n<h2 style=\"margin:34px 0 12px 0; color:#4f483f;\">G\u0142\u00f3wne wej\u015bcia<\/h2>\n<div style=\"margin:0 0 14px 0; padding:18px 20px; border:1px solid #e3ddd3; border-radius:12px; background:#fbfaf8; cursor:pointer;\"\n       onclick=\"window.location.href='https:\/\/www.ziolowasowa.pl\/index.php\/zywnosc-funkcjonalna\/';\"\n       onmouseover=\"this.style.background='#f7f4ef'; this.style.borderColor='#d7cebf';\"\n       onmouseout=\"this.style.background='#fbfaf8'; this.style.borderColor='#e3ddd3';\"><\/p>\n<h3 style=\"margin:0 0 8px 0; color:#5a5248; font-size:22px; font-weight:500;\">\n      \u017bywno\u015b\u0107 funkcjonalna<br \/>\n    <\/h3>\n<p style=\"margin:0; line-height:1.7; color:#6a6257;\">\n      G\u0142\u00f3wny fundament tej mapy. To tutaj zaczyna si\u0119 podstawowe wsparcie organizmu przez od\u017cywianie, oczyszczanie i balansowanie funkcji.\n    <\/p>\n<\/p><\/div>\n<div style=\"margin:0 0 14px 0; padding:18px 20px; border:1px solid #e8e1d7; border-radius:12px; background:#fcfbf9; cursor:pointer;\"\n       onclick=\"window.location.href='https:\/\/www.ziolowasowa.pl\/index.php\/suplementy\/';\"\n       onmouseover=\"this.style.background='#f7f4ef'; this.style.borderColor='#d7cebf';\"\n       onmouseout=\"this.style.background='#fcfbf9'; this.style.borderColor='#e8e1d7';\"><\/p>\n<h3 style=\"margin:0 0 8px 0; color:#5a5248; font-size:22px; font-weight:500;\">\n      Suplementy<br \/>\n    <\/h3>\n<p style=\"margin:0 0 6px 0; line-height:1.7; color:#6a6257;\">\n      Wsparcie bardziej kierunkowe, uzupe\u0142niaj\u0105ce i specjalistyczne. Wchodzi wtedy, gdy do podstaw potrzebne jest co\u015b bardziej konkretnego.\n    <\/p>\n<\/p><\/div>\n<div style=\"margin:0 0 22px 0; padding:18px 20px; border:1px solid #e8e1d7; border-radius:12px; background:#fcfbf9; cursor:pointer;\"\n       onclick=\"window.location.href='https:\/\/www.ziolowasowa.pl\/index.php\/wsparcie-miejscowe\/';\"\n       onmouseover=\"this.style.background='#f7f4ef'; this.style.borderColor='#d7cebf';\"\n       onmouseout=\"this.style.background='#fcfbf9'; this.style.borderColor='#e8e1d7';\"><\/p>\n<h3 style=\"margin:0 0 8px 0; color:#5a5248; font-size:22px; font-weight:500;\">\n      Wsparcie miejscowe<br \/>\n    <\/h3>\n<p style=\"margin:0 0 6px 0; line-height:1.7; color:#6a6257;\">\n      Dodatkowa warstwa wsparcia dzia\u0142aj\u0105ca przez cia\u0142o, ulg\u0119 miejscow\u0105, rozlu\u017anienie, odpr\u0119\u017cenie i zapach.\n    <\/p>\n<\/p><\/div>\n<h2 style=\"margin:34px 0 12px 0; color:#4f483f;\">Porz\u0105dek tej mapy<\/h2>\n<div style=\"margin:0 0 12px 0; padding:16px 18px; border:1px solid #ece7de; border-radius:12px; background:#fcfbf9; cursor:pointer;\"\n       onclick=\"window.location.href='https:\/\/www.ziolowasowa.pl\/index.php\/n-b-c\/';\"\n       onmouseover=\"this.style.background='#f7f4ef'; this.style.borderColor='#d7cebf';\"\n       onmouseout=\"this.style.background='#fcfbf9'; this.style.borderColor='#ece7de';\"><\/p>\n<h3 style=\"margin:0 0 6px 0; color:#6a6257; font-size:20px; font-weight:500;\">1. Fundament<\/h3>\n<p style=\"margin:0; line-height:1.7; color:#6a6257;\">\n      \u017bywno\u015b\u0107 funkcjonalna: Nourish, Cleanse, Balance.\n    <\/p>\n<\/p><\/div>\n<div style=\"margin:0 0 12px 0; padding:16px 18px; border:1px solid #ece7de; border-radius:12px; background:#fcfbf9; cursor:pointer;\"\n       onclick=\"window.location.href='https:\/\/www.ziolowasowa.pl\/index.php\/suplementy\/';\"\n       onmouseover=\"this.style.background='#f7f4ef'; this.style.borderColor='#d7cebf';\"\n       onmouseout=\"this.style.background='#fcfbf9'; this.style.borderColor='#ece7de';\"><\/p>\n<h3 style=\"margin:0 0 6px 0; color:#6a6257; font-size:20px; font-weight:500;\">2. Wsparcie kierunkowe<\/h3>\n<p style=\"margin:0; line-height:1.7; color:#6a6257;\">\n      Suplementy i linie bardziej ukierunkowane.\n    <\/p>\n<\/p><\/div>\n<div style=\"margin:0 0 22px 0; padding:16px 18px; border:1px solid #ece7de; border-radius:12px; background:#fcfbf9; cursor:pointer;\"\n       onclick=\"window.location.href='https:\/\/www.ziolowasowa.pl\/index.php\/wsparcie-miejscowe\/';\"\n       onmouseover=\"this.style.background='#f7f4ef'; this.style.borderColor='#d7cebf';\"\n       onmouseout=\"this.style.background='#fcfbf9'; this.style.borderColor='#ece7de';\"><\/p>\n<h3 style=\"margin:0 0 6px 0; color:#6a6257; font-size:20px; font-weight:500;\">3. Wsparcie dodatkowe<\/h3>\n<p style=\"margin:0; line-height:1.7; color:#6a6257;\">\n      Wsparcie miejscowe jako osobna warstwa codziennej ulgi i komfortu.\n    <\/p>\n<\/p><\/div>\n<h2 style=\"margin:34px 0 12px 0; color:#4f483f;\">Tematy powi\u0105zane<\/h2>\n<ul style=\"list-style:none; padding-left:0; margin:0;\">\n<li style=\"margin-bottom:6px;\">\n      <a href=\"https:\/\/www.ziolowasowa.pl\/index.php\/zywnosc-funkcjonalna\/\"\n         style=\"display:flex; align-items:flex-start; text-decoration:none; color:#7f776b; font-weight:400;\"\n         onmouseover=\"this.style.color='#5f584e'; this.querySelector('.kolko1').style.borderColor='#a79d8f';\"\n         onmouseout=\"this.style.color='#7f776b'; this.querySelector('.kolko1').style.borderColor='#cfc6b8';\"><br \/>\n        <span class=\"kolko1\" style=\"width:9px; height:9px; background:transparent; border:1px solid #cfc6b8; border-radius:50%; margin-right:8px; flex-shrink:0; display:inline-block; margin-top:5px;\"><\/span><br \/>\n        <span>\u017bywno\u015b\u0107 funkcjonalna<\/span><br \/>\n      <\/a>\n    <\/li>\n<li style=\"margin-bottom:6px;\">\n      <a href=\"https:\/\/www.ziolowasowa.pl\/index.php\/suplementy\/\"\n         style=\"display:flex; align-items:flex-start; text-decoration:none; color:#7f776b; font-weight:400;\"\n         onmouseover=\"this.style.color='#5f584e'; this.querySelector('.kolko2').style.borderColor='#a79d8f';\"\n         onmouseout=\"this.style.color='#7f776b'; this.querySelector('.kolko2').style.borderColor='#cfc6b8';\"><br \/>\n        <span class=\"kolko2\" style=\"width:9px; height:9px; background:transparent; border:1px solid #cfc6b8; border-radius:50%; margin-right:8px; flex-shrink:0; display:inline-block; margin-top:5px;\"><\/span><br \/>\n        <span>Suplementy<\/span><br \/>\n      <\/a>\n    <\/li>\n<li style=\"margin-bottom:0;\">\n      <a href=\"https:\/\/www.ziolowasowa.pl\/index.php\/wsparcie-miejscowe\/\"\n         style=\"display:flex; align-items:flex-start; text-decoration:none; color:#7f776b; font-weight:400;\"\n         onmouseover=\"this.style.color='#5f584e'; this.querySelector('.kolko3').style.borderColor='#a79d8f';\"\n         onmouseout=\"this.style.color='#7f776b'; this.querySelector('.kolko3').style.borderColor='#cfc6b8';\"><br \/>\n        <span class=\"kolko3\" style=\"width:9px; height:9px; background:transparent; border:1px solid #cfc6b8; border-radius:50%; margin-right:8px; flex-shrink:0; display:inline-block; margin-top:5px;\"><\/span><br \/>\n        <span>Wsparcie miejscowe<\/span><br \/>\n      <\/a>\n    <\/li>\n<\/ul>\n<\/div>\n","protected":false},"excerpt":{"rendered":"<p>Wsparcie organizmu ma kilka poziom\u00f3w. Podstaw\u0105 tej mapy jest \u017cywno\u015b\u0107 funkcjonalna oparta na trzech g\u0142\u00f3wnych kierunkach: od\u017cywianiu, oczyszczaniu i balansowaniu organizmu. Dalej pojawia si\u0119 wsparcie bardziej kierunkowe, uzupe\u0142niaj\u0105ce i miejscowe. O czym jest ten dzia\u0142 To strona wej\u015bciowa do g\u0142\u00f3wnych [&hellip;]<\/p>\n","protected":false},"author":1,"featured_media":0,"parent":0,"menu_order":0,"comment_status":"closed","ping_status":"closed","template":"","meta":{"footnotes":""},"class_list":["post-6415","page","type-page","status-publish","hentry"],"_links":{"self":[{"href":"https:\/\/www.ziolowasowa.pl\/index.php\/wp-json\/wp\/v2\/pages\/6415","targetHints":{"allow":["GET"]}}],"collection":[{"href":"https:\/\/www.ziolowasowa.pl\/index.php\/wp-json\/wp\/v2\/pages"}],"about":[{"href":"https:\/\/www.ziolowasowa.pl\/index.php\/wp-json\/wp\/v2\/types\/page"}],"author":[{"embeddable":true,"href":"https:\/\/www.ziolowasowa.pl\/index.php\/wp-json\/wp\/v2\/users\/1"}],"replies":[{"embeddable":true,"href":"https:\/\/www.ziolowasowa.pl\/index.php\/wp-json\/wp\/v2\/comments?post=6415"}],"version-history":[{"count":5,"href":"https:\/\/www.ziolowasowa.pl\/index.php\/wp-json\/wp\/v2\/pages\/6415\/revisions"}],"predecessor-version":[{"id":6773,"href":"https:\/\/www.ziolowasowa.pl\/index.php\/wp-json\/wp\/v2\/pages\/6415\/revisions\/6773"}],"wp:attachment":[{"href":"https:\/\/www.ziolowasowa.pl\/index.php\/wp-json\/wp\/v2\/media?parent=6415"}],"curies":[{"name":"wp","href":"https:\/\/api.w.org\/{rel}","templated":true}]}}